on factor of k and 66?
6
Suppose 5*w + 3*i + 36 - 9 = 0, 3*i + 3 = 3*w. Let j be (1/(-4) - w) + 3/(-4). Calculate the greatest common divisor of 4 and j.
2
Suppose 0 = -10*a + 8*a + 42. Let b = a + -1. What is the greatest common divisor of b and 8?
4
Suppose 2*p - 7 = 6*p + 3*m, m = p + 7. Let q be (2/p)/((27/6)/(-9)). Let l be -1 - (0 + (-8 - -2)). Calculate the greatest common factor of q and l.
1
Let x be (-7 + 8 - 4)/((-3)/803). Calculate the greatest common divisor of 11 and x.
11
Let s = 24 + -8. Let n = 38 + -22. Suppose 4*r - n = 4*y + 4, -4*r + 3*y + 17 = 0. Calculate the greatest common divisor of s and r.
2
Let f(q) be the first derivative of 5*q**2 - 15. Let k be f(1). What is the highest common divisor of k and 130?
10
Let m be (0 + (-66)/(-55))/(6/500). Calculate the greatest common factor of 25 and m.
25
Let p(r) = -26*r + 9. Let f be p(-8). Let g = -31 - -31. Suppose 2*u + 2*h = 58, -h = -3*u - g*h + 95. What is the greatest common divisor of u and f?
31
Suppose 4*r - 6 = -5*z + 39, -z = 5*r - 30. Suppose 6 = -2*t - 4*w, z*t - 66 = 5*w - 6. What is the greatest common factor of 49 and t?
7
Suppose -2*r = 3*r - 300. Calculate the highest common factor of r and 1320.
60
Suppose -3*y = y - 5*n - 9, 6 = 3*y - 4*n. Suppose 0*d - 2*d = 4*j - 30, -2*j = -y. Let i be (9/(-6))/(2/(-36)). Calculate the highest common factor of i and d.
9
Let w be ((-294)/9)/(4/(-6)). Suppose -w = -5*v - 14. What is the greatest common factor of 35 and v?
7
Suppose 0 = -2*l + 10, g + 3*g + 5*l = 217. Suppose p - 114 = -111. What is the greatest common divisor of p and g?
3
Suppose 0*m - 5*m + 20 = 0. Suppose 0 = m*i - 9*i - 125. Let d = i + 32. What is the highest common divisor of d and 14?
7
Suppose 0 = 12*j - 189 - 87. What is the highest common factor of j and 184?
23
Let v(y) = -4*y**3 - 2*y**2 - 2*y - 1. Let k be v(-1). Suppose -k*q - 12 = -5*q + 3*m, 0 = 2*m. Calculate the greatest common factor of 2 and q.
2
Let u(t) = -t**2 + 6*t**3 - 6*t**2 - 17*t + 16 - 5*t**3. Let f be u(9). Calculate the highest common divisor of 275 and f.
25
Suppose -7*t - 96 = -278. Suppose -285 = 23*c - t*c. What is the highest common divisor of 19 and c?
19
Let r = -156 + 240. Let g(a) = -a**2 - 19*a - 14. Let o be g(-14). Calculate the greatest common divisor of r and o.
28
Let x = -184 - -224. Calculate the highest common factor of 20 and x.
20
Let b be (7/1 - 0)*1. Let g be (-434)/(-31)*(-11)/(-2). Calculate the highest common factor of b and g.
7
Let y be 5*(-6)/3 - -4. Let f be 184/y*(-27)/6. Suppose -f = -5*n + q, 3*n - 59 - 35 = -5*q. What is the highest common factor of 42 and n?
14
Let u = -90 - -120. Suppose 9*j = -j + u. Calculate the greatest common divisor of 9 and j.
3
Suppose -3*h + 73 = i + i, -4*i = -5*h - 135. Calculate the greatest common factor of i and 165.
5
Suppose 7*n + 4*u - 335 = 6*n, 317 = n - 5*u. Calculate the greatest common factor of n and 6.
3
Suppose -5 = -4*f - 1. Let w be (0 - -1) + -4 + f. Let t be 1040/144 - w/(-9). What is the greatest common factor of 77 and t?
7
Let z = -26 + 25. Let m be z/(5/(-4) + 1). Suppose m*b = -3*q + 159, -2*b + 2*q + 75 = -q. What is the greatest common divisor of 13 and b?
13
Let u(g) = 2*g - 16. Let v be u(11). Let q = 4 - 2. Suppose 0 = 3*p - q*p - 24. What is the highest common factor of v and p?
6
Let g(c) = -13*c. Let p be g(-4). Calculate the greatest common factor of p and 143.
13
Let n(h) = 8*h**2 + h + 2. Let r be 6/(-9) - 68/(-24)*2. Let s be n(r). Calculate the highest common divisor of 23 and s.
23
Suppose -74*y = -12900 - 13000. What is the highest common factor of y and 28?
14
Let m(k) = -62*k + 130. Let b be m(2). What is the greatest common factor of b and 24?
6
Suppose -2*c + 41 = -15. Let i = c + -12. Suppose -4 = 4*k - i. What is the highest common divisor of 21 and k?
3
Suppose -h = 5*i - 315, -3 - 41 = -i - 4*h. Suppose -2*v = -167 - 153. Calculate the highest common factor of v and i.
32
Let b be 1*(-5 + 11 + -1). Suppose b*i - 72 = 2*i. Let l(r) = r**3 + 7*r**2 + 8*r + 6. Let y be l(-5). Calculate the greatest common divisor of y and i.
8
Suppose -2*k + 9 = -35. Suppose -n + k = n. Suppose -2*f + 107 = b, 5*b - 53 - 42 = -2*f. Calculate the highest common factor of n and f.
11
Suppose -435 = -2*w - 3*w + 2*v, -4*w - 2*v + 348 = 0. What is the greatest common divisor of w and 29?
29
Suppose -5*q - 22 = -2*m, -q = 3*m + 4*q - 58. Calculate the highest common divisor of m and 16.
16
Let n be (0 - -3)*(-43)/(-3). Let g = 286 - n. What is the highest common factor of 27 and g?
27
Let a be (-2 + 36)/(-2 - 5/(-2)). Suppose 5*w - v = a, -4*w + 23 = -2*w + v. Calculate the highest common divisor of 91 and w.
13
Suppose -7*f = -0*f - 14. Suppose 76 = f*c + 4*o - 2*o, -3*c = -5*o - 154. Calculate the greatest common factor of c and 301.
43
Let k(i) = i**2 - i + 2. Let f be k(2). Suppose 56 = f*c - 0*c. Suppose 15 + 55 = x. Calculate the highest common divisor of c and x.
14
Suppose 6*q - 10 - 20 = 0. Suppose -6*c + 447 + 33 = 0. What is the highest common divisor of c and q?
5
Suppose 0 = -3*u + w + 6 + 5, 0 = 5*w - 5. Suppose -2*h + 4 = -2*y, 4*h + 0*y - 40 = -u*y. Calculate the greatest common factor of 48 and h.
6
Let q be (3 + -84)*(-3 + -4). What is the greatest common factor of q and 126?
63
Let h(u) = u**3 + 8*u**2 - 4*u - 21. Let o be h(-7). Suppose -2*v + 52 = -2*t - 0, 2*v + 2*t = o. What is the greatest common divisor of 63 and v?
9
Suppose -24*n + 230 = -26*n. Let b = -30 - n. Calculate the highest common divisor of b and 34.
17
Let t be 20/8*6/3. Let n(c) = c**2 - c - 3. Let f be n(2). Let j be -25*(-5)/(-5)*f. Calculate the highest common divisor of t and j.
5
Suppose 0 = 205*p - 209*p + 192. Calculate the greatest common divisor of 144 and p.
48
Let b = 336 - 291. What is the highest common divisor of b and 30?
15
Suppose -111*d + 105*d + 60 = 0. Calculate the greatest common divisor of 3 and d.
1
Let m(a) = -a**3 - a**2 + a - 9. Let o be m(0). Let z be 5/3 - (-6)/o. Let w be 25/(0 + (2 - z)). Calculate the highest common divisor of 75 and w.
25
Suppose -5*h - 5*c - 3 = -c, -2*c = 4. Let l be -1 - (h - (141 + -1)). Suppose 2*w + w = l. What is the greatest common divisor of 23 and w?
23
Suppose 30 = -7*d + 44. Suppose 0 = -d*j + 4*c + 382, -565 = -3*j + c + c. Calculate the highest common factor of 11 and j.
11
Let n(j) = -j**2 + 4. Let g be n(2). Suppose 5*b - 5*z = -g*z + 485, 5*b + z - 473 = 0. What is the highest common factor of b and 38?
19
Let p(b) = 2*b**2 - 19*b - 26. Let o be p(12). What is the highest common factor of 119 and o?
17
Let w = 20 - 11. Suppose -y + 5*y = -180. Let r = 126 + y. Calculate the greatest common factor of w and r.
9
Let l = 73 + 71. Let y(p) = -p**2 - 20*p - 18. Suppose 4*d + 5*h = 2*d - 61, -5*d - 110 = 4*h. Let n be y(d). What is the greatest common factor of l and n?
18
Let n(u) = -22*u - 124. Let t be n(-6). What is the greatest common divisor of t and 392?
8
Suppose -127 = -5*a - 2*b, 0 = -6*a + a + 5*b + 120. Calculate the highest common factor of 125 and a.
25
Suppose -s + 141 = 3*p + 39, 93 = 3*p + 4*s. Let w(j) = j**3 + 2*j**2 - 21*j + 2. Let y be w(4). Calculate the greatest common divisor of y and p.
7
Let z = -442 - -715. Calculate the highest common divisor of 21 and z.
21
Let i = -17 - -56. Let f(z) = 31*z**2 - 363*z + 87. Let j be f(12). Calculate the greatest common divisor of i and j.
39
Let q(k) = -k**3 - 4*k**2 - 3*k. Let v be q(-4). What is the highest common factor of v and 300?
12
Suppose -8*x + 4506 = 1546. What is the greatest common factor of x and 10?
10
Suppose -8*h + 6*h = -2. Let l be (3 - h) + (-16)/8. Suppose 2*t - 2*z - z - 30 = l, -2*t - z + 22 = 0. What is the greatest common factor of 132 and t?
12
Let k be (6 + -2 - 5) + 28. Suppose 0 = 4*w + 5*z + 19, -2*w - z + 3*z = -4. Let b = w - -4. What is the greatest common factor of b and k?
3
Let k(t) = 3*t**2 + 8*t - 35. Let l be k(4). Calculate the highest common factor of l and 5.
5
Suppose 8*g - 3*k = 3*g + 445, -5*k - 283 = -3*g. Let v = -107 + 236. What is the highest common factor of v and g?
43
Let h(q) = 56*q - 32. Let d be h(6). What is the highest common factor of d and 19?
19
Let l(w) = 274*w**3 - 2*w**2 - 10*w + 11. Let o be l(1). What is the gre